r(n) = 4*q(n) - 12*u(n). List the prime factors of r(z).
2, 3
Suppose 0 = 4*w + 13 + 11. Let i = 17 + w. What are the prime factors of i?
11
Suppose -3*v + 3222 = l + 222, l = -5*v + 3000. What are the prime factors of l?
2, 3, 5
Let j be 2/4 - 9/(-6). Let h(b) = 8*b**2 - b + 7. Let t(f) = f**2 - f - 1. Let u(c) = h(c) + 4*t(c). List the prime factors of u(j).
41
Let c be (-55)/(-1) - (5 + -3). Let o = c + 107. List the prime factors of o.
2, 5
Suppose -2*a - 2*a + 48 = 0. Let o = 15 - a. What are the prime factors of o?
3
Let b = 586 + -148. Let r = b - 253. List the prime factors of r.
5, 37
List the prime factors of (-17422)/(-13) + (7 - 372/52).
2, 5, 67
Let d = -147 + 327. Suppose -5*q = -3*q - d. What are the prime factors of q?
2, 3, 5
Let c(i) = -85*i - 22. Let p be c(-4). Suppose -16*h = -19*h + p. What are the prime factors of h?
2, 53
Suppose 4*g + g + 80 = 0. Let t = g + 19. Suppose 87 = t*r - 0*r. List the prime factors of r.
29
Suppose 0*u + 75 = u. Suppose 5*x = 4*i + 4*x + 3, -2*i - 3 = -x. Suppose -3*w = -i*w - u. What are the prime factors of w?
5
Suppose 0 + 2 = j. Suppose -j = m - 6. Suppose m*k = 4*c - 0*c - 84, 0 = 5*k - 5. List the prime factors of c.
2, 11
Let v be (0 + -1 + 1)/(-1). Suppose v = -t + 5 + 2. Let b(m) = -m**3 + 7*m**2 + m + 5. List the prime factors of b(t).
2, 3
Let c be 7 + 9*(5/3 + -2). Suppose -t - 4*t + 340 = c*d, 138 = 2*t + 2*d. List the prime factors of t.
2
Let w = 66 + -11. List the prime factors of w.
5, 11
Suppose 0 = 26*v - 22*v + 160. Let r = -23 - v. List the prime factors of r.
17
Let r be 12516/((-6)/2)*(-13)/26. Suppose 8*v + 6*v = r. List the prime factors of v.
149
Suppose 4*n - n = 36. List the prime factors of ((-9)/n)/(3/(-564)).
3, 47
Suppose 8*w = 4*w + 284. Let v = w + -37. What are the prime factors of v?
2, 17
Let h(n) = n**2 + 11*n + 3 - 3 + 6 - 2*n**2. Let b be h(11). Let x(j) = -j**2 + 8*j. What are the prime factors of x(b)?
2, 3
Let f(k) = 1970*k**3 - k**2 + 6*k - 7. List the prime factors of f(1).
2, 3, 41
Suppose 4*o + 688 = 34*y - 32*y, y - o = 349. List the prime factors of y.
2, 3, 59
Suppose 2*j + 2*j - 4*h - 3812 = 0, 5*j + h - 4783 = 0. List the prime factors of j.
2, 239
Let p(r) = -r**3 + 7*r**2 + 8*r + 9. Suppose -2*n + 1 + 31 = 0. Let c = -8 + n. List the prime factors of p(c).
3
What are the prime factors of 5 + 2 - (-561 + -4)?
2, 11, 13
Suppose -n = 2*n. Suppose 1 = p - n. List the prime factors of p/(-3) - (-192)/9.
3, 7
Let g = 9589 + -5586. What are the prime factors of g?
4003
Let b = 15 - 11. Suppose f - 2 = -h, f - 17 + 3 = -b*h. Suppose 2*u - 60 = -h. List the prime factors of u.
2, 7
List the prime factors of (-50)/(-10) - (1 - 441).
5, 89
Let v = -2 + 3. Suppose 5 + 1 = 2*o. Suppose -o*p + v = -4*p, -4*q = -3*p - 43. List the prime factors of q.
2, 5
Let m(j) = -j + 5. Let s be m(7). List the prime factors of s/(2/(-7) - 6/28).
2
Let j(g) = -g**3 + 5*g**2 - 2*g. Suppose 4*k + 2*v = 20, k + v + 1 = 7. Let i be j(k). Let n = i + 31. List the prime factors of n.
3, 13
Let x be ((-2)/2)/(3/30). Let s = 8 - x. Suppose -22 - s = -j. List the prime factors of j.
2, 5
Let l = 1239 + 494. List the prime factors of l.
1733
Let o(c) = c + 7. Let u be o(3). Suppose 271 = u*q - 9*q. Suppose -5*j + q = -4*h, j - 2*h = -7*h + 60. What are the prime factors of j?
5, 11
Let u = 0 + 1. Let s(r) be the second derivative of r**3/2 + r**2/2 - 6*r. List the prime factors of s(u).
2
Let r(i) = 8*i**2 + i + 8. Let c be r(3). Suppose 14 = -3*t + 3*b + c, 2*t = -3*b + 61. What are the prime factors of t?
2, 13
Let d = 34 + 20. Let s = d - -13. What are the prime factors of s?
67
Let k be 0 + (-8)/(-6)*(-57)/(-38). Suppose 4*w = -0*l - k*l + 246, 2*l + 188 = 3*w. What are the prime factors of w?
2, 31
List the prime factors of (-9045)/(-270)*(183 + -1).
7, 13, 67
Let p(g) = 3*g**3 - 3*g**2 - 16*g + 23. What are the prime factors of p(10)?
11, 233
Let r = 2 + -8. Let i(u) = 4*u**2 + 2*u + 3. Let v be i(r). Suppose -q + 15 = 4*k, -2*q - k + v = 2*q. List the prime factors of q.
5, 7
Suppose 4 = 3*d - i + 5, 2*d + 3 = 3*i. Suppose -h - t + 1 = d, 0 = t + 5. What are the prime factors of h?
2, 3
Suppose -2*z + 7*a + 170 = 5*a, -5*z + 2*a = -410. Suppose -3*l + 5*s - 186 = -40, 5*s - 62 = l. Let i = l + z. List the prime factors of i.
2, 19
Let l = -535 + 961. List the prime factors of l.
2, 3, 71
Let f(a) = -9*a + 8*a + 0 - 3. Let l be f(-3). Suppose l*i + 2*i - 24 = 0. What are the prime factors of i?
2, 3
Suppose 4*x - j - 21 = 0, -4*x = -0*x + 5*j + 9. What are the prime factors of (x/5)/(7/2310)?
2, 3, 11
Let w = -272 + 333. List the prime factors of w.
61
Let w(a) = -23*a + 8. Suppose -s + 12 = 19. What are the prime factors of w(s)?
13
Suppose p - 5*w = -0*p - 6, 5*w - 7 = 2*p. List the prime factors of (-43)/(1 - (-2)/p).
43
List the prime factors of (-2)/(-32)*-4 + 7626/8.
953
Suppose 2*b = 3*b. Suppose b = -5*k + 6*k - 17. What are the prime factors of k?
17
Suppose 257*x + 20797 = 264*x. List the prime factors of x.
2971
Let p(n) = 3*n. Let m be p(-7). Suppose -196 = 3*l - g, -5*l = -4*g + 5*g + 324. Let j = m - l. What are the prime factors of j?
2, 11
Suppose -12 = -5*a + a. Suppose 5*w = a*w + 10. Suppose -w*g - 3*z = -13, -2*g - z + 6 = -0*z. List the prime factors of g.
5
Suppose 4080 = 4*h - 4*b, 1120 + 1943 = 3*h - 4*b. What are the prime factors of h?
3, 113
Suppose 283 - 3121 = -11*p. Let i = p + -154. What are the prime factors of i?
2, 13
Let a = -2924 - -4576. What are the prime factors of a?
2, 7, 59
Suppose 32 = z - 3*z. Let w = -54 + 19. Let c = z - w. What are the prime factors of c?
19
Suppose 3842 = 2*f + 2*j, -2*f + 0*j + 4*j = -3830. List the prime factors of f.
19, 101
Let g(n) = 11*n + 32. List the prime factors of g(23).
3, 5, 19
Let p be 31 + 1 + (-3)/(-1). What are the prime factors of (12/28 - -1)*p?
2, 5
Suppose -2*o + z - 1416 = 0, 1040 + 2502 = -5*o + 2*z. List the prime factors of o/(-35) + (-4)/14.
2, 5
Suppose 2*i + 2*i = 4*f + 12, -i - 3 = 5*f. Let m be (-39 + 5)/(i + -1). Let l = -17 - m. List the prime factors of l.
17
Suppose 10*i - 209 = 1091. What are the prime factors of i?
2, 5, 13
Suppose 0 = -3*j - p + 7, 5 = j - p - 4. Suppose 0 = -0*w + j*w. Suppose w = k + 4*s - 2, -2*k + 4 = 5*s - 6. What are the prime factors of k?
2, 5
Suppose 149*q - 126*q - 2967 = 0. What are the prime factors of q?
3, 43
Let f = 18 + -17. Suppose -f = -2*k + 89. What are the prime factors of k?
3, 5
Suppose 0 = -11*l + 5*l + 1674. What are the prime factors of l?
3, 31
What are the prime factors of -1735*(2 + (-18)/(-24)*-4)?
5, 347
Let c be (-190)/2*21/5. Let i = 720 + c. Suppose z + 2*p = -z + 134, 5*z - 2*p = i. List the prime factors of z.
5, 13
Suppose 0 = -4*s - 2*q + 30, -5*s = 4*q - 28 - 17. Suppose 5*d + b - 348 = 3*b, s*d = -5*b + 355. What are the prime factors of d?
2, 5, 7
Let c = 42 + 25. Let p = 65 + c. List the prime factors of p.
2, 3, 11
Suppose -3*u + 406 + 1073 = 0. Let y = u - 268. List the prime factors of y.
3, 5
Let t(i) = 122*i**3 - i + 2. List the prime factors of t(1).
3, 41
Let t = 242 - 388. Let c = t + 214. List the prime factors of c.
2, 17
Let m = -38 + 22. What are the prime factors of (m/(-10))/((-2)/(-35))?
2, 7
List the prime factors of 589 + (-1)/((3 - 8)/(-5)).
2, 3, 7
Let w(l) = -l**2 + 13*l - 12. Let t be w(12). Suppose 2*d + t = 142. List the prime factors of d.
71
Suppose 0 = -i + 4*u + 232, -132*i + 137*i + 2*u = 1116. What are the prime factors of i?
2, 7
What are the prime factors of 13/(-26) - 134/(-4)?
3, 11
Let w(k) = 6*k**2 - 38*k + 32. What are the prime factors of w(29)?
2, 7, 71
Let m be 6/33 + 3040/(-22). Let b = -53 - m. What are the prime factors of b?
5, 17
Let a(z) = 3 - 2*z - 8 - 2 + 0. Let w be a(-5). List the prime factors of (w/2)/(8/304).
3, 19
Suppose 28 - 20 = 4*l. List the prime factors of (l/(-4))/(17/(-238)).
7
Let x = 51 - 52. List the prime factors of 6/(-6)*(-2*16 + x).
3, 11
Let f = -1148 - -1964. What are the prime factors of f?
2, 3, 17
Let c = -367 + 87. Let p = -166 - c. What are the prime factors of p?
2, 3, 19
Suppose -3*b - 2*b = 0. Let c = 3 + b. Suppose -1 = c*h - 19. List the prime factors of h.
2, 3
Suppose v - 147 = 118. Let a = v + -127. What are the prime factors o